{"id":13,"date":"2016-11-25T08:34:28","date_gmt":"2016-11-25T07:34:28","guid":{"rendered":"http:\/\/soundorsilence.com\/wordpress\/?page_id=13"},"modified":"2024-08-12T13:38:24","modified_gmt":"2024-08-12T11:38:24","slug":"about-us","status":"publish","type":"page","link":"https:\/\/soundorsilence.com\/index.php\/about-us\/","title":{"rendered":"About Us"},"content":{"rendered":"<h2 style=\"text-align: left;\"><span data-mce-mark=\"1\">&#8230; De la conception \u00e0 la r\u00e9alisation<\/span> &#8230;<\/h2>\n<p style=\"text-align: left;\"><strong>Sound Or Silence<\/strong> met ses 24 ann\u00e9es d&rsquo;exp\u00e9rience au profit de fabricants, sc\u00e9nographes, bureaux d&rsquo;\u00e9tude, distributeurs et int\u00e9grateurs du monde de l&rsquo;audio professionnel et ce en Belgique, France et Luxembourg.<\/p>\n<p style=\"text-align: left;\">Notre coeur de m\u00e9tier :<\/p>\n<ul style=\"text-align: left;\">\n<li>L&rsquo;\u00e9coute et l&rsquo;analyse des attentes des utilisateurs ainsi que celles des prescripteurs.<\/li>\n<li>Le conseil et le design de solutions et d&rsquo;outils de travail r\u00e9pondants aux budgets et aux besoins de nos diff\u00e9rents interlocuteurs.<\/li>\n<li>La mise en relation avec les acteurs du m\u00e9tier.<\/li>\n<li>Les \u00e9tudes bas\u00e9es sur des plans d&rsquo;une future construction ou d&rsquo;une r\u00e9novation.<\/li>\n<li>Les simulations 3D des solutions propos\u00e9es.<\/li>\n<li>L&rsquo;aide \u00e0 la r\u00e9daction de cahier des charges.<\/li>\n<li>L&rsquo;apport d&rsquo;une r\u00e9ponse technique aux besoins acoustiques, visuels, ergonomiques, esth\u00e9tiques,&#8230;<\/li>\n<li>Le suivi du chantier jusqu&rsquo;\u00e0 sa r\u00e9ception.<\/li>\n<li>Nous mettons un point d&rsquo;honneur \u00e0 mettre en relation l&rsquo;utilisateur final et les d\u00e9cideurs afin de bien d\u00e9finir les besoins.<\/li>\n<\/ul>\n<p style=\"text-align: left;\"><strong>Sound Or Silence<\/strong>, c&rsquo;est d&rsquo;abord et avant tout une soci\u00e9t\u00e9 \u00e0 l&rsquo;\u00e9coute de vos attentes, votre budget et vos aspirations.<\/p>\n<p>L&rsquo;humain sera toujours au coeur de nos propositions et de nos relations.<\/p>\n<p><strong>Exp\u00e9rience dans les domaines suivants :<\/strong><\/p>\n<ul>\n<li>Salle de spectacle<\/li>\n<li>Salle de concert<\/li>\n<li>Salle de conf\u00e9rence<\/li>\n<li>\u00c9v\u00e8nement plein air<\/li>\n<li>Centre de congr\u00e8s<\/li>\n<li>Lieu de culte<\/li>\n<li>Aeroport, gare,..<\/li>\n<li>Conservatoire<\/li>\n<li>Op\u00e9ra<\/li>\n<li>Th\u00e9\u00e2tre<\/li>\n<li>Touring<\/li>\n<li>\u00c9v\u00e8nementiel<\/li>\n<li>Ecole<\/li>\n<li>Public adress<\/li>\n<li>Stade de football<\/li>\n<li>Salle polyvalente<\/li>\n<li>Salle de sport<\/li>\n<li>Equipement de parc de location<\/li>\n<li>Gestion de petits festivals<\/li>\n<li>Mixage live<\/li>\n<li>Prise de son<\/li>\n<li>Mesure et rapport d&rsquo;intelligibilit\u00e9 ( RASTI )<\/li>\n<li>&#8230;<\/li>\n<\/ul>\n","protected":false},"excerpt":{"rendered":"<p>&#8230; De la conception \u00e0 la r\u00e9alisation &#8230; Sound Or Silence met ses 24 ann\u00e9es d&rsquo;exp\u00e9rience au profit de fabricants, sc\u00e9nographes, bureaux d&rsquo;\u00e9tude, distributeurs et int\u00e9grateurs du monde de l&rsquo;audio &#8230;<\/p>\n","protected":false},"author":1,"featured_media":0,"parent":0,"menu_order":0,"comment_status":"closed","ping_status":"closed","template":"","meta":[],"_links":{"self":[{"href":"https:\/\/soundorsilence.com\/index.php\/wp-json\/wp\/v2\/pages\/13"}],"collection":[{"href":"https:\/\/soundorsilence.com\/index.php\/wp-json\/wp\/v2\/pages"}],"about":[{"href":"https:\/\/soundorsilence.com\/index.php\/wp-json\/wp\/v2\/types\/page"}],"author":[{"embeddable":true,"href":"https:\/\/soundorsilence.com\/index.php\/wp-json\/wp\/v2\/users\/1"}],"replies":[{"embeddable":true,"href":"https:\/\/soundorsilence.com\/index.php\/wp-json\/wp\/v2\/comments?post=13"}],"version-history":[{"count":20,"href":"https:\/\/soundorsilence.com\/index.php\/wp-json\/wp\/v2\/pages\/13\/revisions"}],"predecessor-version":[{"id":474,"href":"https:\/\/soundorsilence.com\/index.php\/wp-json\/wp\/v2\/pages\/13\/revisions\/474"}],"wp:attachment":[{"href":"https:\/\/soundorsilence.com\/index.php\/wp-json\/wp\/v2\/media?parent=13"}],"curies":[{"name":"wp","href":"https:\/\/api.w.org\/{rel}","templated":true}]}}